69
What are the prime factors of 76010693?
11, 113, 61151
What are the prime factors of 676247486?
2, 338123743
List the prime factors of 389677867.
89, 4378403
List the prime factors of 5917986.
2, 3, 328777
List the prime factors of 3778067465.
5, 3929, 192317
What are the prime factors of 35324395?
5, 229, 30851
What are the prime factors of 340933887?
3, 7, 257, 7019
List the prime factors of 3954442513.
7, 564920359
What are the prime factors of 429349468?
2, 107337367
List the prime factors of 149024720.
2, 5, 13, 17, 8429
What are the prime factors of 74635174?
2, 1439, 25933
What are the prime factors of 674952196?
2, 168738049
What are the prime factors of 159664174?
2, 79832087
List the prime factors of 3649413769.
79, 46195111
What are the prime factors of 965495901?
3, 337, 954991
What are the prime factors of 2259182002?
2, 7, 11, 14670013
List the prime factors of 102144760.
2, 5, 19, 134401
List the prime factors of 35731173.
3, 11910391
List the prime factors of 92053641.
3, 30684547
List the prime factors of 1853901858.
2, 3, 19, 16262297
List the prime factors of 75504748.
2, 11, 29, 47, 1259
What are the prime factors of 2034867406?
2, 11, 13, 127, 463
List the prime factors of 355460300.
2, 5, 13, 127, 2153
What are the prime factors of 86791822?
2, 13, 3338147
List the prime factors of 4456320.
2, 3, 5, 11, 211
List the prime factors of 49974294.
2, 3, 19, 31, 79, 179
What are the prime factors of 52472595?
3, 5, 7, 499739
List the prime factors of 188682847.
17, 101, 109891
List the prime factors of 136248815.
5, 29, 563, 1669
List the prime factors of 6357264716.
2, 11, 17, 67, 126851
What are the prime factors of 2410671138?
2, 3, 37, 631, 17209
What are the prime factors of 145221153?
3, 7, 11, 89809
List the prime factors of 332190506.
2, 17, 61, 160169
List the prime factors of 86475846.
2, 3, 14412641
What are the prime factors of 885525021?
3, 4397, 7459
What are the prime factors of 13872368?
2, 867023
What are the prime factors of 1412713793?
109, 12960677
What are the prime factors of 1342246031?
7, 797, 240589
What are the prime factors of 65092087?
65092087
List the prime factors of 3029518495.
5, 29, 41, 509591
What are the prime factors of 58986538?
2, 13, 613, 3701
List the prime factors of 40398756.
2, 3, 47, 83, 863
What are the prime factors of 228132883?
11, 23, 191, 4721
What are the prime factors of 75275305?
5, 7, 211, 10193
What are the prime factors of 767149870?
2, 5, 31, 2474677
What are the prime factors of 46909097?
4231, 11087
What are the prime factors of 2705928427?
1153, 2346859
List the prime factors of 326576311.
809, 403679
What are the prime factors of 19741311?
3, 2193479
What are the prime factors of 159457121?
4561, 34961
What are the prime factors of 485089062?
2, 3, 101, 800477
List the prime factors of 1936979215.
5, 2381, 162703
List the prime factors of 36237676.
2, 17, 532907
List the prime factors of 58195694.
2, 29097847
What are the prime factors of 31820191?
13, 877, 2791
List the prime factors of 859610013.
3, 13807, 20753
List the prime factors of 47243117.
29, 37, 44029
List the prime factors of 1177293802.
2, 29, 20298169
What are the prime factors of 346925425?
5, 7, 11, 180221
List the prime factors of 453667013.
14107, 32159
What are the prime factors of 1483796249?
13, 79, 1444787
List the prime factors of 47810225.
5, 569, 3361
List the prime factors of 46396539.
3, 7, 61, 12073
What are the prime factors of 1128101971?
3671, 307301
List the prime factors of 161683975.
5, 137, 47207
List the prime factors of 125937236.
2, 23, 157, 8719
List the prime factors of 5653030469.
5653030469
What are the prime factors of 846901126?
2, 423450563
What are the prime factors of 242091077?
23, 419, 25121
List the prime factors of 105894346.
2, 23, 2302051
What are the prime factors of 17824275?
3, 5, 7, 11317
List the prime factors of 714779345.
5, 7, 20422267
List the prime factors of 236226307.
23, 1487, 6907
List the prime factors of 6780656.
2, 423791
What are the prime factors of 99997127?
99997127
What are the prime factors of 105023545?
5, 11, 19, 100501
List the prime factors of 1802782.
2, 17, 3119
List the prime factors of 705379442.
2, 2467, 142963
List the prime factors of 1138242160.
2, 5, 11, 59, 1993
What are the prime factors of 43502618?
2, 313, 69493
List the prime factors of 12197490.
2, 3, 5, 406583
List the prime factors of 383303530.
2, 5, 19, 31, 59, 1103
List the prime factors of 16717972.
2, 4179493
List the prime factors of 5588576172.
2, 3, 19, 47, 173839
What are the prime factors of 4184092?
2, 11, 95093
List the prime factors of 137907120.
2, 3, 5, 13, 44201
List the prime factors of 142601717.
43, 193, 17183
List the prime factors of 83908313.
19, 232433
List the prime factors of 1267581.
3, 7, 8623
List the prime factors of 101038792.
2, 607, 20807
List the prime factors of 43369097.
101, 429397
List the prime factors of 1218357249.
3, 83, 4893001
What are the prime factors of 28770308?
2, 7, 53, 19387
List the prime factors of 57619641.
3, 149, 128903
What are the prime factors of 30345724?
2, 2029, 3739
What are the prime factors of 77939559?
3, 29, 67, 4457
What are the prime factors of 119561500?
2, 5, 43, 67, 83
What are the prime factors of 3465177681?
3, 7, 977, 168893
List the prime factors of 171585422.
2, 2207, 38873
List the prime factors of 3289883198.
2, 7, 234991657
What are the prime factors of 3451366360?
2, 5, 13, 53, 125231
List the prime factors of 2614883217.
3, 871627739
List the prime factors of 301754208.
2, 3, 7, 251, 1789
List the prime factors of 521090263.
521090263
What are the prime factors of 2543917781?
2543917781
What are the prime factors of 104264121?
3, 13, 43, 79, 787
What are the prime factors of 736982551?
131, 239, 23539
List the prime factors of 1474100676.
2, 3, 1213, 33757
What are the prime factors of 80346846?
2, 3, 97, 138053
List the prime factors of 88185310.
2, 5, 8818531
List the prime factors of 237735727.
61, 79, 49333
List the prime factors of 282636800.
2, 5, 71, 311
What are the prime factors of 305682298?
2, 19, 8044271
What are the prime factors of 2399192504?
2, 29, 2539, 4073
What are the prime factors of 1734154025?
5, 229, 302909
List the prime factors of 1714776473.
5591, 306703
List the prime factors of 294076737.
3, 19, 89, 113
What are the prime factors of 64547489?
41, 283, 5563
List the prime factors of 929849573.
929849573
What are the prime factors of 56077077?
3, 7, 2670337
What are the prime factors of 24537191?
7, 71537
List the prime factors of 1588851287.
1588851287
List the prime factors of 570377898.
2, 3, 59, 537079
List the prime factors of 1228638913.
131, 9378923
What are the prime factors of 8101585?
5, 29, 59, 947
What are the prime factors of 93511974?
2, 3, 23, 193, 3511
What are the prime factors of 1735335812?
2, 7, 61976279
List the prime factors of 66468785.
5, 197, 67481
List the prime factors of 20407085.
5, 257, 15881
What are the prime factors of 1184835301?
13, 91141177
What are the prime factors of 597101964?
2, 3, 49758497
What are the prime factors of 9258062075?
5, 19, 199, 97943
List the prime factors of 6432249048.
2, 3, 268010377
List the prime factors of 678341909.
7, 96905987
List the prime factors of 196703785.
5, 3643, 10799
What are the prime factors of 274433560?
2, 5, 6860839
List the prime factors of 47120495.
5, 9424099
List the prime factors of 84623500.
2, 5, 13, 47, 277
What are the prime factors of 1303053188?
2, 83, 191, 20549
List the prime factors of 6689995.
5, 13, 19, 5417
What are the prime factors of 8761096?
2, 31, 35327
List the prime factors of 45505800.
2, 3, 5, 53
List the prime factors of 256482618.
2, 3, 7, 6106729
List the prime factors of 2963830059.
3, 347, 949033
List the prime factors of 7222106668.
2, 7, 17, 47, 107, 431
What are the prime factors of 56071884?
2, 3, 11, 23, 73
List the prime factors of 494199125.
5, 7, 47, 61, 197
What are the prime factors of 5179421?
13, 398417
List the prime factors of 279861736.
2, 7, 11, 41, 1583
What are the prime factors of 324651410?
2, 5, 811, 40031
List the prime factors of 57967786.
2, 28983893
List the prime factors of 207883844.
2, 7, 23, 43, 7507
List the prime fac